399 is divided by 134.
131
Calculate the remainder when 7045 is divided by 172.
165
What is the remainder when 21443 is divided by 243?
59
What is the remainder when 29438 is divided by 14708?
22
What is the remainder when 24717 is divided by 369?
363
What is the remainder when 15620 is divided by 41?
40
Calculate the remainder when 14201 is divided by 7.
5
What is the remainder when 407 is divided by 134?
5
Calculate the remainder when 14965 is divided by 255.
175
Calculate the remainder when 3369 is divided by 261.
237
What is the remainder when 241549 is divided by 487?
484
What is the remainder when 44794 is divided by 5?
4
What is the remainder when 11860 is divided by 793?
758
Calculate the remainder when 85667 is divided by 6587.
36
Calculate the remainder when 784023 is divided by 11.
9
Calculate the remainder when 49598 is divided by 424.
414
What is the remainder when 39056 is divided by 331?
329
Calculate the remainder when 22668 is divided by 1185.
153
Calculate the remainder when 93723 is divided by 369.
366
What is the remainder when 2591 is divided by 13?
4
Calculate the remainder when 901751 is divided by 1305.
1301
What is the remainder when 11802 is divided by 3932?
6
Calculate the remainder when 178840 is divided by 41.
39
Calculate the remainder when 102075 is divided by 338.
337
Calculate the remainder when 661519 is divided by 682.
661
What is the remainder when 21067 is divided by 86?
83
Calculate the remainder when 171039 is divided by 1462.
1447
Calculate the remainder when 48732 is divided by 3045.
12
Calculate the remainder when 63952 is divided by 123.
115
Calculate the remainder when 3737 is divided by 741.
32
Calculate the remainder when 1680 is divided by 155.
130
What is the remainder when 1049206 is divided by 209840?
6
What is the remainder when 27514 is divided by 596?
98
What is the remainder when 193317 is divided by 9205?
12
What is the remainder when 3689 is divided by 38?
3
Calculate the remainder when 242797 is divided by 20.
17
Calculate the remainder when 2232 is divided by 319.
318
What is the remainder when 1030145 is divided by 29?
7
What is the remainder when 136143 is divided by 460?
443
What is the remainder when 4664 is divided by 359?
356
Calculate the remainder when 584205 is divided by 14.
13
Calculate the remainder when 72553 is divided by 4266.
31
Calculate the remainder when 3276 is divided by 543.
18
Calculate the remainder when 1317 is divided by 380.
177
What is the remainder when 8155 is divided by 313?
17
Calculate the remainder when 105509 is divided by 35167.
8
What is the remainder when 32472 is divided by 20?
12
Calculate the remainder when 6357 is divided by 1260.
57
What is the remainder when 60824 is divided by 444?
440
What is the remainder when 5826 is divided by 146?
132
Calculate the remainder when 7040 is divided by 736.
416
Calculate the remainder when 182523 is divided by 3.
0
Calculate the remainder when 14315 is divided by 512.
491
Calculate the remainder when 12346 is divided by 589.
566
What is the remainder when 509 is divided by 21?
5
Calculate the remainder when 51258 is divided by 18.
12
Calculate the remainder when 14578 is divided by 140.
18
Calculate the remainder when 244486 is divided by 7.
4
What is the remainder when 7077 is divided by 342?
237
Calculate the remainder when 164689 is divided by 900.
889
What is the remainder when 1692 is divided by 274?
48
Calculate the remainder when 69960 is divided by 21.
9
What is the remainder when 39135 is divided by 321?
294
What is the remainder when 19832 is divided by 764?
732
Calculate the remainder when 15561 is divided by 171.
0
Calculate the remainder when 194500 is divided by 3.
1
What is the remainder when 8461 is divided by 239?
96
What is the remainder when 129227 is divided by 75?
2
What is the remainder when 3510 is divided by 207?
198
Calculate the remainder when 59652 is divided by 19884.
0
Calculate the remainder when 422757 is divided by 12.
9
Calculate the remainder when 891278 is divided by 121.
113
Calculate the remainder when 1458 is divided by 747.
711
What is the remainder when 43905 is divided by 1181?
208
Calculate the remainder when 2331 is divided by 257.
18
Calculate the remainder when 11375 is divided by 420.
35
Calculate the remainder when 14521 is divided by 135.
76
What is the remainder when 141862 is divided by 69?
67
What is the remainder when 9438 is divided by 3141?
15
What is the remainder when 11432 is divided by 1427?
16
Calculate the remainder when 50705 is divided by 149.
45
What is the remainder when 11933 is divided by 297?
53
Calculate the remainder when 27382 is divided by 1378.
1200
What is the remainder when 56918 is divided by 329?
1
What is the remainder when 8829 is divided by 2582?
1083
Calculate the remainder when 1210 is divided by 170.
20
What is the remainder when 12001 is divided by 34?
33
Calculate the remainder when 191770 is divided by 470.
10
Calculate the remainder when 10234 is divided by 27.
1
What is the remainder when 978157 is divided by 442?
11
What is the remainder when 3283 is divided by 1563?
157
Calculate the remainder when 32955 is divided by 516.
447
What is the remainder when 4554 is divided by 1313?
615
What is the remainder when 86484 is divided by 655?
24
What is the remainder when 3149 is divided by 442?
55
What is the remainder when 38285 is divided by 9568?
13
What is the remainder when 299379 is divided by 54?
3
Calculate the remainder when 807 is divided by 283.
241
Calculate the remainder when 4138 is divided by 64.
42
Calculate the remainder when 5155 is divided by 2.
1
Calculate the remainder when 64018 is divided by 32009.
0
What is the remainder when 3032 is divided by 2398?
634
What is the remainder when 861 is divided by 304?
253
What is the remainder when 1304 is divided by 430?
14
What is the remainder when 222761 is divided by 25?
11
What is the remainder when 4625 is divided by 70?
5
What is the remainder when 58182 is divided by 669?
648
Calculate the remainder when 2017 is divided by 1007.
3
Calculate the remainder when 1735 is divided by 1607.
128
What is the remainder when 2017 is divided by 320?
97
Calculate the remainder when 42776 is divided by 7127.
14
Calculate the remainder when 189317 is divided by 27.
20
What is the remainder when 846403 is divided by 794?
793
Calculate the remainder when 2261 is divided by 1103.
55
Calculate the remainder when 19074 is divided by 6357.
3
Calculate the remainder when 1772 is divided by 11.
1
Calculate the remainder when 2407 is divided by 421.
302
Calculate the remainder when 43490 is divided by 332.
330
Calculate the remainder when 23776 is divided by 2940.
256
What is the remainder when 4163 is divided by 110?
93
Calculate the remainder when 5060 is divided by 413.
104
Calculate the remainder when 266771 is divided by 702.
11
Calculate the remainder when 1380985 is divided by 26056.
17
What is the remainder when 167059 is divided by 13?
9
What is the remainder when 10397 is divided by 151?
129
Calculate the remainder when 31080 is divided by 914.
4
Calculate the remainder when 22874 is divided by 189.
5
Calculate the remainder when 6487 is divided by 29.
20
Calculate the remainder when 2528027 is divided by 505.
502
What is the remainder when 8871 is divided by 17?
14
Calculate the remainder when 3686 is divided by 7.
4
What is the remainder when 5164327 is divided by 59?
57
What is the remainder when 21278 is divided by 4216?
198
Calculate the remainder when 2069 is divided by 93.
23
Calculate the remainder when 160945 is divided by 35.
15
What is the remainder when 4905102 is divided by 113?
111
What is the remainder when 85512 is divided by 10688?
8
What is the remainder when 13189 is divided by 694?
3
What is the remainder when 6562 is divided by 2041?
439
Calculate the remainder when 33544 is divided by 49.
28
What is the remainder when 1249 is divided by 612?
25
Calculate the remainder when 44353 is divided by 1834.
337
What is the remainder when 59003 is divided by 18?
17
What is the remainder when 423859 is divided by 211911?
37
Calculate the remainder when 8216 is divided by 23.
5
What is the remainder when 6383 is divided by 101?
20
Calculate the remainder when 4